 59 = 3*f. Calculate the remainder when j is divided by 11.
9
Let q = 21 + -10. Let o(p) = p**2 + p - 9. What is the remainder when 1/(0 - -1)*q is divided by o(3)?
2
What is the remainder when 9 is divided by 8*(-2)/(-8)*2?
1
Let b be (-2)/(-7) - 130/(-35). Suppose b*t - 24 = -8. Let x(q) = -q**3 + 3*q**2 + 6*q - 1. What is the remainder when x(4) is divided by t?
3
Suppose 5*s - 54 = 21. Calculate the remainder when 42 is divided by s.
12
Let o = 558 - 218. Suppose c = -c + o. Suppose 0 = 5*g - 2*v - 445 + 151, 0 = 3*g + 2*v - c. What is the remainder when g is divided by 20?
18
What is the remainder when 1 is divided by (-3 + 0)/(4 + -7)?
0
Suppose -48 = 2*k - 5*k. Calculate the remainder when 30 is divided by k.
14
Suppose -k + 4 = f, 3*k + 21 + 3 = 3*f. Let w = 0 - -2. Suppose w*o + 55 = 5*o - 5*u, 3*u - 15 = -3*o. Calculate the remainder when o is divided by f.
4
Suppose 70 = 8*b - 114. What is the remainder when 183 is divided by b?
22
Let c = -29 - -63. Suppose 4*i - 2 = c. Calculate the remainder when 26 is divided by i.
8
Let i = -3 - -8. Suppose -t - 88 = -i*t. Let g = t + -16. Calculate the remainder when 11 is divided by g.
5
Let a = 31 - 19. Suppose -3*v = -6*v - 21. Let i = a + v. What is the remainder when 8 is divided by i?
3
Let b(p) = -6*p - 6. Let i(x) = 7*x - 5. Calculate the remainder when i(4) is divided by b(-2).
5
Let r = 136 + -55. What is the remainder when r is divided by 28?
25
Suppose 0*l = -l - t + 88, 0 = l + 4*t - 76. What is the remainder when l is divided by 31?
30
Suppose 2*z + 3*z + 10 = 0. Let o(f) be the second derivative of 5*f**4/12 - f**2 + f. Calculate the remainder when 34 is divided by o(z).
16
Suppose z = 4*z + 5*i - 141, 3*i = -5*z + 235. Suppose -96 = -0*o - 4*o. What is the remainder when z is divided by o?
23
Let i(w) = 3*w**2 - 2*w + 1. Let p be i(2). Let b = p + 45. What is the remainder when b is divided by 28?
26
Let s = -154 + 166. What is the remainder when s is divided by 8?
4
Let r(f) = -11*f - 17. Let j(a) = -6*a - 9. Let x(k) = 7*j(k) - 4*r(k). Suppose -c = -4 - 3. Calculate the remainder when x(c) is divided by 7.
5
Let i be (-2)/2 + (-4 - -8). Suppose 0 = -4*a + 3*h + 51, 4*a + 4*h - 13 = i. What is the remainder when 35 is divided by a?
8
Suppose -3*x + 5*c - 75 = -8*x, 4*x + 3*c = 62. Suppose -5*r + 17 = -3. Suppose -r = n + 3*z - 1, z - 9 = -2*n. What is the remainder when x is divided by n?
5
Let q(x) = -x**2 + 8*x. Let j be q(9). Let g = 3 - j. What is the remainder when 34 is divided by g?
10
Suppose -6 = -3*a + 6. Let v(s) = s**2 - 16*s - 44. Calculate the remainder when v(19) is divided by a.
1
Suppose d - 48 + 8 = 0. Suppose 76 + 36 = 8*g. What is the remainder when d is divided by g?
12
Suppose -3*y + y = -10. Calculate the remainder when 17 is divided by y.
2
Let i(g) = 3*g + 2. Let s = -9 - -11. What is the remainder when 15 is divided by i(s)?
7
Let h = 22 - -17. Suppose -s = 5*l - 38, -2*l - 4*s = s - 29. Calculate the remainder when h is divided by l.
4
Let o(q) = q + 14. Let p(c) = -c**2 + 10*c. Let j be p(10). What is the remainder when 40 is divided by o(j)?
12
Suppose -2*x - 3*x + 80 = 0. Suppose 0 = -2*j + 2*a - x, a = -2*j - j - 28. What is the remainder when (-156)/j - 1/3 is divided by 6?
5
Suppose 0 = -4*i + t - 5*t + 72, 0 = -3*t + 6. Calculate the remainder when 62 is divided by i.
14
Let b = 1 + 1. Let m be b/((-24)/(-21) - 1). Suppose 0 = 4*k + 4*o - 3*o - 8, -m = 2*k + 5*o. Calculate the remainder when 5 is divided by k.
2
Let p be 33/(-9) + 1/(-3). Suppose 0 = g - 71 + 18. What is the remainder when g is divided by (-40 + 4)*2/p?
17
Suppose -l = l - 450. Suppose -l = -4*g + 47. Calculate the remainder when g is divided by 23.
22
Suppose 3*f + 109 = 4*p, -5*f - 76 - 23 = -4*p. Suppose 0 = -2*x + 5*x - 18. Calculate the remainder when p is divided by 52/4 + x/2.
15
Let f = 22 - 12. Suppose 232 = 18*s - 10*s. What is the remainder when s is divided by f?
9
Suppose 0*d - k - 1 = 4*d, 0 = 2*d - 2*k - 2. Let f = -5 + d. Let a = -1 - f. What is the remainder when 11 is divided by a?
3
Let y(i) = i**2 + 7*i - 4. Let f be y(-8). Suppose 4*x - 115 = -5*z, 4*x + 3 = z + f. Calculate the remainder when z is divided by 10.
9
Let h(o) = o**2 + 4*o - 7. Suppose 40 = 5*w + 2*x + 3*x, 0 = 3*x - 3. What is the remainder when w is divided by h(-6)?
2
Let q be (-1 - -14) + -3 - 2. Let k = q + -6. Suppose 22 = k*n - 8. Calculate the remainder when n is divided by 9.
6
Suppose 4*s + 4*q - 32 = 0, s = 2*s + 5*q - 16. Suppose 0 = a + 2, -5*a - s = -3*p + 28. Calculate the remainder when 22 is divided by p.
6
Let x be 8/6 + (-12)/(-18). Suppose -4*h + 9*z = 4*z - 152, -4*h + 124 = x*z. Suppose 59 + h = 4*p. Calculate the remainder when 45 is divided by p.
22
Let g(i) be the first derivative of -i**2/2 + i - 1. Let h(w) = -w**2 + 7*w - 1. Let v be h(7). What is the remainder when 6 is divided by g(v)?
0
Suppose 2*c + 50 = 4*c. Suppose c = -w - 4*w. Let h(o) = o**3 + 6*o**2 - 7*o - 1. Calculate the remainder when h(w) is divided by 15.
14
Let n(c) = -2*c**3 - 3*c**2 + c - 3. Suppose 0*i = 3*i + 9. Calculate the remainder when n(i) is divided by 11.
10
Let a(z) = z**3 - 4*z - 8. Let i be a(6). Suppose 4*k + 2*b - i = 0, -4*b + 8*b = -4*k + 184. What is the remainder when k is divided by 16?
14
Suppose -3*u = -0 + 12, 3*f + 4*u - 62 = 0. Calculate the remainder when 50 is divided by f.
24
Let k = -5 + 25. Let g = -15 + 26. Calculate the remainder when k is divided by g.
9
Suppose -113 = -2*c - 2*c - b, 4*c = 3*b + 93. What is the remainder when c is divided by 10?
7
Let m = -9 - -20. Let l = 31 + 11. What is the remainder when l is divided by m?
9
Let c = 54 - 0. Suppose 32 - 4 = 2*b. What is the remainder when c is divided by b?
12
Let f(o) = o**2 + 3*o - 6. Let k be (-1)/((-1)/(-10)*2). What is the remainder when 7 is divided by f(k)?
3
Let y be (-6)/(-27) - (-56)/(-9). Let x be 4/y - (-534)/(-9). Let q = -20 - x. What is the remainder when q is divided by 21?
19
Suppose 56 = 4*a - 56. Suppose a - 6 = 2*f. Calculate the remainder when 21 is divided by f.
10
Suppose 0 = 3*h - h. Suppose h = -8*n + 4*n + 560. Suppose -3*q + n = 2*q. Calculate the remainder when q is divided by 10.
8
Suppose 4 = -3*m - 2*z, 3*m + 5 + 5 = -5*z. Let h = m - -2. What is the remainder when 5 is divided by h?
1
Let b = -1 + -1. Let r be b/(-11) - (-84)/22. Let i = r - -7. Calculate the remainder when i is divided by 6.
5
Let w(d) = d**3 + 13*d**2 + 14*d + 34. What is the remainder when 98 is divided by w(-12)?
8
Suppose -59*m + 60*m - 17 = 0. Let y = 62 - 31. Calculate the remainder when y is divided by m.
14
Suppose n + 42 = 4*n. Suppose 0 = -5*d - 3*r - 5, d + 0*r + 3*r = -13. Suppose 81 = d*f + f. What is the remainder when f is divided by n?
13
What is the remainder when -8 - -16 - 2/1 is divided by 4?
2
Let d = 47 + -30. Suppose -13*j - 24 = -d*j. What is the remainder when j is divided by 3?
0
Let s = 88 - -11. Suppose -4*n + 74 = 4*z - 2*n, -4*z = -3*n - s. Calculate the remainder when z is divided by 6.
3
Let l(d) = d**2 - 12*d + 3. Suppose 0 = 2*v - 3*v + 4*s + 24, 66 = 5*v - 2*s. What is the remainder when 10 is divided by l(v)?
1
What is the remainder when (145/(-5))/(3/(-9)) is divided by 22?
21
Let g(f) = 3 + 3 - 7 - 7 - f**3 - 5*f**2 + 4*f. What is the remainder when g(-6) is divided by 3?
1
Suppose 3*y - 5*o + 23 = 0, -5*y + 10*y + 25 = -5*o. Let u = y - -16. Calculate the remainder when 29 is divided by u.
9
Suppose -12 + 0 = -3*z. Suppose 0 = 5*n - 3 - 2, -46 = -5*c + 4*n. What is the remainder when c is divided by z?
2
Let m(z) = -z - 2. Let v be m(3). Suppose -3*c + 2*p + 11 = 0, c + 3*p = -2*c + 6. Let n = c - v. Calculate the remainder when 14 is divided by n.
6
Let a(p) = -p**2 + 10*p. What is the remainder when 13/(-2 - (-10)/4) is divided by a(9)?
8
Suppose 13*h - 16*h = -27. What is the remainder when 19 is divided by h?
1
Suppose -u + 17 = 57. Let v = 58 + u. What is the remainder when v is divided by 11?
7
Suppose 4*u + 21 = -k, 0 = -4*u + 2*k - 5*k - 31. Let f be u/(1/(-1 - -2)). What is the remainder when 19 is divided by ((-8)/10)/(f/50)?
9
Suppose -2*y + 0*i + 22 = -2*i, -3*i - 43 = -4*y. Suppose -5*z + 18 = -4*z. What is the remainder when z is divided by y?
8
Let a =